1111
In base 13, what is -6 - 1241?
-1247
In base 10, what is -1 + -226?
-227
In base 9, what is -2 - -4362?
4360
In base 5, what is 212 + 314?
1031
In base 2, what is -100111 + 1010100?
101101
In base 2, what is -1010010010 - -10?
-1010010000
In base 7, what is 0 + 563?
563
In base 9, what is -5 + 134?
128
In base 9, what is 573 + -1?
572
In base 6, what is -413 - 3?
-420
In base 11, what is -2a008 + 3?
-2a005
In base 4, what is 200010 + 2?
200012
In base 14, what is -11 + 141?
130
In base 16, what is 2 + -f2?
-f0
In base 11, what is -3 + 30?
28
In base 3, what is 12002 + 201?
12210
In base 15, what is -2c + -2?
-2e
In base 7, what is 5 - -100?
105
In base 11, what is 9a4 - 4?
9a0
In base 16, what is 3668 - 5?
3663
In base 10, what is 25 + 8?
33
In base 4, what is -23 - 30?
-113
In base 8, what is 10 - 12?
-2
In base 5, what is -402 + -1?
-403
In base 12, what is 7 + 6?
11
In base 4, what is 3333 + -101?
3232
In base 5, what is 0 + -14?
-14
In base 2, what is -10111011011 + 101?
-10111010110
In base 11, what is 716 - 6?
710
In base 15, what is 3 + ac0?
ac3
In base 12, what is -2 - -16b8?
16b6
In base 9, what is -8550 + -3?
-8553
In base 2, what is 110000 - -1?
110001
In base 3, what is -22 + -1100?
-1122
In base 12, what is 165 + -5?
160
In base 9, what is 3 - 232?
-228
In base 8, what is 10 + 154?
164
In base 11, what is a7 + a?
106
In base 8, what is 1446 + 4?
1452
In base 16, what is -7 - -190?
189
In base 16, what is 9d9 + -3?
9d6
In base 2, what is -11 - -1001001100?
1001001001
In base 14, what is 90 + -5?
89
In base 2, what is 0 + -1?
-1
In base 3, what is 101 + -20?
11
In base 13, what is -4 - -11a7?
11a3
In base 13, what is 3 + -9b?
-98
In base 6, what is -1025 - 10?
-1035
In base 2, what is 10100000 - 1?
10011111
In base 10, what is 0 + 39?
39
In base 6, what is -135 + 222?
43
In base 8, what is -364 + 0?
-364
In base 9, what is 150 + -12?
137
In base 4, what is 20 - 12?
2
In base 11, what is -7 - 3?
-a
In base 2, what is -10 + -1010011?
-1010101
In base 12, what is -1 + -31?
-32
In base 11, what is 3 - -1630?
1633
In base 13, what is 3 - -268?
26b
In base 14, what is -2 - 70?
-72
In base 6, what is 3 + -1200?
-1153
In base 6, what is -14 - 11?
-25
In base 11, what is 3 + -44?
-41
In base 12, what is -a20 - 0?
-a20
In base 8, what is -366 - -30?
-336
In base 9, what is 2471 - -2?
2473
In base 15, what is 137 + 23?
15a
In base 7, what is 4 + -64?
-60
In base 2, what is 11 + -10000010110?
-10000010011
In base 8, what is 15 + -5?
10
In base 2, what is 11 - -1110010?
1110101
In base 6, what is -5142 + -4?
-5150
In base 14, what is 970 - -3?
973
In base 13, what is -5c + 9a?
3b
In base 12, what is 94 - 29?
67
In base 5, what is -4 + -1030?
-1034
In base 4, what is -1 + -3032?
-3033
In base 7, what is -1 + -115?
-116
In base 3, what is 11 - 10001?
-2220
In base 12, what is 17 + 64?
7b
In base 13, what is 5 + -104?
-cc
In base 11, what is -4 - 8?
-11
In base 14, what is 6c70 - 3?
6c6b
In base 12, what is b4 - -29?
121
In base 13, what is 427 - 2?
425
In base 13, what is -19 - -7?
-12
In base 8, what is -547 + -10?
-557
In base 3, what is 1000222 - -1?
1001000
In base 13, what is -b7 - 78?
-162
In base 12, what is 4 + 127a?
1282
In base 16, what is -1 + 49?
48
In base 11, what is -13 + -758?
-770
In base 5, what is -121320 - -3?
-121312
In base 8, what is 21 - -1132?
1153
In base 9, what is 17 + -718?
-701
In base 2, what is 1010 + -11010?
-10000
In base 5, what is 4 - 11220?
-11211
In base 9, what is -5 + -132?
-137
In base 11, what is -127 - 48?
-174
In base 6, what is -20 - 15?
-35
In base 10, what is 5 + 228?
233
In base 14, what is -2d57 - 3?
-2d5a
In base 9, what is 40 - 342?
-302
In base 14, what is 11ca - a?
11c0
In base 16, what is -5 - 3?
-8
In base 9, what is 118 + 10?
128
In base 5, what is -4 - 3441?
-4000
In base 7, what is -2032 + -4?
-2036
In base 9, what is 1 + -236?
-235
In base 8, what is 5 - -4007?
4014
In base 7, what is -1050 - 0?
-1050
In base 16, what is -4 + -1a0?
-1a4
In base 5, what is -1 - 2402?
-2403
In base 7, what is -4 - 123?
-130
In base 4, what is -2321 + 103?
-2212
In base 6, what is 4 - 34?
-30
In base 11, what is 4 - 1919?
-1915
In base 3, what is 120 + 20020?
20210
In base 16, what is -6 + 9?
3
In base 8, what is 2 - 644?
-642
In base 7, what is 10 + -26?
-16
In base 9, what is 3 - -731?
734
In base 15, what is 28e2 - 4?
28dd
In base 10, what is 0 + 50?
50
In base 10, what is 144 - 1?
143
In base 3, what is 1212120 + -2?
1212111
In base 4, what is 12301 + 2?
12303
In base 6, what is 2513 - -1?
2514
In base 12, what is -174 - 0?
-174
In base 5, what is -1 + 1213?
1212
In base 6, what is 32200 + -1?
32155
In base 9, what is 225 + 1?
226
In base 11, what is -7375 + -4?
-7379
In base 16, what is -d54 + 3?
-d51
In base 15, what is 4 - 119?
-115
In base 6, what is -3 + -4521?
-4524
In base 8, what is 0 + 437?
437
In base 9, what is 7 - -778?
786
In base 11, what is 58 - 182?
-125
In base 13, what is -454 - 12?
-466
In base 7, what is -3 + 3165?
3162
In base 8, what is -20 - -20?
0
In base 3, what is 100 + 101011?
101111
In base 6, what is 5 + 104?
113
In base 4, what is 3323 - -1?
3330
In base 9, what is 5 + 8?
14
In base 7, what is 4 + -36?
-32
In base 11, what is -1439 + 1?
-1438
In base 12, what is a36 - -4?
a3a
In base 15, what is da9 - 4?
da5
In base 2, what is -11100 + -11010?
-110110
In base 8, what is 64 + -55?
7
In base 7, what is 6 + 13?
22
In base 12, what is -2 - 331?
-333
In base 7, what is -3 + 1015?
1012
In base 13, what is 65 - 8?
5a
In base 5, what is 440 + 4?
444
In base 15, what is -1a - 47?
-62
In base 13, what is 1c + 65?
84
In base 13, what is 24 - 36?
-12
In base 2, what is 1101110000 - -11?
1101110011
In base 2, what is 11010001001 - 10?
11010000111
In base 13, what is -4 - -a29?
a25
In base 10, what is -3 - 390?
-393
In base 7, what is -5 - -1005?
1000
In base 7, what is 441 + 34?
505
In base 15, what is 302 - 0?
302
In base 14, what is -129 - 9?
-134
In base 11, what is -7 + 181?
175
In base 16, what is 1 + -14?
-13
In base 2, what is -1 - -110?
101
In base 3, what is 120 + -100002?
-22112
In base 14, what is 68 - -4?
6c
In base 16, what is -b + 253?
248
In base 14, what is 136 - 5?
131
In base 9, what is -2 - 10?
-12
In base 6, what is 0 - -40054?
40054
In base 7, what is 0 + 203?
203
In base 14, what is 3b + -5?
36
In base 13, what is 0 + -32?
-32
In base 7, what is 11 - -360?
401
In base 9, what is 0 + 10211?
10211
In base 6, what is -4 - -300?
252
In base 10, what is -8 + -10?
-18
In base 6, what is 4031 - 0?
4031
In base 5, what is 132102 + 1?
132103
In base 14, what is -4a + -4?
-50
In base 6, what is -4 - -22?
14
In base 10, what is 3478 + -1?
3477
In base 4, what is 13013222 - 10?
13013212
In base 2, what is 100011001 + 101?
100011110
In base 14, what is 5 + -16?
-11
In base 5, what is -1 - -10?
4
In base 5, what is -10 - -223?
213
In base 16, what is -13 - -3?
-10
In base 3, what is 2000210 - -1?
2000211
In base 8, what is 1 + -74?
-73
In base 11, what is -2 + -366?
-368
In base 7, what is 2 - -260?
262
In base 10, what is 3 + 190?
193
In base 4, what is -113 - -210?
31
In base 2, what is 11010101111 - 10?
11010101101
In base 16, what is -3 + -e8?
-eb
In base 3, what is 11 - 20012?
-20001
In base 4, what is 0 - 10331?
-10331
In base 9, what is 1 - -8774?
8775
In base 6, what is 54322 + -3?
54315
In base 15, what is 315 - 16?
2ee
In base 12, what is -879 + 4?
-875
In base 6, what is -3 + -334?
-341
In base 7, what is -2 - -5305?
5303
In base 13, what is -23 + 8?
-18
In base 5, what is -4 + -1132?
-1141
In base 16, what is 18f2 - 5?
18ed
In base 4, what is -12021 + -132?
-12213
In base 2, what is 101110110 - 10?
101110100
In base 11, what is 2 + 452?
454
In base 11, what is -2 - -2086?
2084
In base 7, what is 0 + 14?
14
In base 9, what is -17 - 304?
-322
In base 15, what is -7 - -78?
71
In base 2, what is -1100 - -100000?
10100
In base 2, what is -10101 + 1001100101?
1001010000
In base 3, what is -10220101 + -2?
-10220110
In base 9, what is 3 + -571?
-567
In base 5, what is -1344 + 12?
-1332
In base 13, what is 16 + -3?
13
In base 11, what is -6 - -35?
2a
In base 14, what is -5 - -13?
c
In base 9, what is 0 - 377?
-377
In base 2, what is 1 - -1101010?
1101011
In base 12, w